{"id":6464,"date":"2017-03-21T16:59:25","date_gmt":"2017-03-21T22:59:25","guid":{"rendered":"http:\/\/mandira-spa.com\/Home\/?page_id=6464"},"modified":"2019-12-05T20:02:08","modified_gmt":"2019-12-06T02:02:08","slug":"masajes","status":"publish","type":"page","link":"https:\/\/mandira-spa.com\/Home\/masajes\/","title":{"rendered":"Masajes"},"content":{"rendered":"[vc_row type=&#8221;full_width_background&#8221; full_screen_row_position=&#8221;middle&#8221; equal_height=&#8221;yes&#8221; content_placement=&#8221;middle&#8221; bg_image=&#8221;6228&#8243; bg_position=&#8221;left top&#8221; bg_repeat=&#8221;no-repeat&#8221; scene_position=&#8221;center&#8221; text_color=&#8221;light&#8221; text_align=&#8221;center&#8221; top_padding=&#8221;1%&#8221; bottom_padding=&#8221;3%&#8221; overlay_strength=&#8221;0.8&#8243; shape_divider_position=&#8221;bottom&#8221; bg_image_animation=&#8221;none&#8221;][vc_column centered_text=&#8221;true&#8221; column_padding=&#8221;padding-3-percent&#8221; column_padding_position=&#8221;all&#8221; background_color=&#8221;#000000&#8243; background_color_opacity=&#8221;0.6&#8243; background_hover_color_opacity=&#8221;1&#8243; column_link_target=&#8221;_self&#8221; column_shadow=&#8221;none&#8221; column_border_radius=&#8221;none&#8221; width=&#8221;1\/2&#8243; tablet_width_inherit=&#8221;default&#8221; tablet_text_alignment=&#8221;default&#8221; phone_text_alignment=&#8221;default&#8221; column_border_width=&#8221;none&#8221; column_border_style=&#8221;solid&#8221; bg_image_animation=&#8221;none&#8221;][nectar_icon icon_family=&#8221;fontawesome&#8221; icon_style=&#8221;border-animation&#8221; icon_border_thickness=&#8221;2px&#8221; icon_color=&#8221;Accent-Color&#8221; icon_padding=&#8221;20px&#8221; icon_fontawesome=&#8221;fa fa-sign-language&#8221;][toggles style=&#8221;minimal&#8221;][toggle color=&#8221;Default&#8221; title=&#8221;Reductivo modelante&#8221;][vc_custom_heading text=&#8221;Masaje manual con maniobras que nos ayudan a movilizar adiposidades y reducir medidas, el objetivo principal de \u00e9ste, es estimular la desintoxicaci\u00f3n. Es importante complementar con otros tratamientos reductivos, como envolturas y aparatolog\u00eda de vanguardia.&#8221; font_container=&#8221;tag:p|text_align:justify&#8221; google_fonts=&#8221;font_family:Noto%20Sans%3Aregular%2Citalic%2C700%2C700italic|font_style:400%20regular%3A400%3Anormal&#8221;][\/toggle][toggle color=&#8221;Default&#8221; title=&#8221;Circulatorio&#8221;][vc_custom_heading text=&#8221;Terapia donde se aplican maniobras que nos favorecen la circulaci\u00f3n sangu\u00ednea, excelente para piernas cansadas, con varices, retenci\u00f3n de l\u00edquidos, que al igual nos ayuda como complemento de alg\u00fan tratamiento corporal.&#8221; font_container=&#8221;tag:p|text_align:justify&#8221; google_fonts=&#8221;font_family:Noto%20Sans%3Aregular%2Citalic%2C700%2C700italic|font_style:400%20regular%3A400%3Anormal&#8221;][vc_column_text][\/vc_column_text][\/toggle][toggle color=&#8221;Default&#8221; title=&#8221;Drenaje linf\u00e1tico&#8221;][vc_custom_heading text=&#8221;Excelente terapia donde nos permite drenar linfa ayudando a eliminar toxinas, mejorar la circulaci\u00f3n sangu\u00ednea y nos permite movilizar los l\u00edquidos retenidos y por su suave presi\u00f3n se hace un relajamiento muscular.&#8221; font_container=&#8221;tag:p|text_align:justify&#8221; google_fonts=&#8221;font_family:Noto%20Sans%3Aregular%2Citalic%2C700%2C700italic|font_style:400%20regular%3A400%3Anormal&#8221;][\/toggle][toggle color=&#8221;Default&#8221; title=&#8221;Relajante&#8221;][vc_custom_heading text=&#8221;Terapia que promueve un estado de calma y armon\u00eda, es un masaje sedante con movimientos lentos y suaves, su objetivo es disminuir el estr\u00e9s, combatir el insomnio; De manera indirecta proporciona relajaci\u00f3n muscular y con ello un descanso inmediato.&#8221; font_container=&#8221;tag:p|text_align:justify&#8221; google_fonts=&#8221;font_family:Noto%20Sans%3Aregular%2Citalic%2C700%2C700italic|font_style:400%20regular%3A400%3Anormal&#8221;][\/toggle][toggle color=&#8221;Default&#8221; title=&#8221;Lomi Lomi&#8221;][vc_custom_heading text=&#8221;Es un masaje sedante con movimientos r\u00edtmicos, que hacen referencia a las olas del mar y a las terapias hawaianas.&#8221; font_container=&#8221;tag:p|text_align:justify&#8221; google_fonts=&#8221;font_family:Noto%20Sans%3Aregular%2Citalic%2C700%2C700italic|font_style:400%20regular%3A400%3Anormal&#8221;][\/toggle][toggle color=&#8221;Default&#8221; title=&#8221;Ventosas&#8221;][vc_custom_heading text=&#8221;Es una terapia que ayuda a descontracturar los m\u00fasculos mediante el uso de ventosas con calor.&#8221; font_container=&#8221;tag:p|text_align:justify&#8221; google_fonts=&#8221;font_family:Noto%20Sans%3Aregular%2Citalic%2C700%2C700italic|font_style:400%20regular%3A400%3Anormal&#8221;][\/toggle][\/toggles][\/vc_column][vc_column centered_text=&#8221;true&#8221; column_padding=&#8221;padding-3-percent&#8221; column_padding_position=&#8221;all&#8221; background_color=&#8221;#000000&#8243; background_color_opacity=&#8221;0.6&#8243; background_hover_color_opacity=&#8221;1&#8243; column_link_target=&#8221;_self&#8221; column_shadow=&#8221;none&#8221; column_border_radius=&#8221;none&#8221; width=&#8221;1\/2&#8243; tablet_width_inherit=&#8221;default&#8221; tablet_text_alignment=&#8221;default&#8221; phone_text_alignment=&#8221;default&#8221; column_border_width=&#8221;none&#8221; column_border_style=&#8221;solid&#8221; bg_image_animation=&#8221;none&#8221;][nectar_icon icon_family=&#8221;fontawesome&#8221; icon_style=&#8221;border-animation&#8221; icon_border_thickness=&#8221;2px&#8221; icon_color=&#8221;Accent-Color&#8221; icon_padding=&#8221;20px&#8221; icon_fontawesome=&#8221;fa fa-sign-language&#8221;][toggles style=&#8221;minimal&#8221;][toggle color=&#8221;Default&#8221; title=&#8221;Piedras Calientes&#8221;][vc_custom_heading text=&#8221;Los masajes con piedras calientes sobre la piel, combaten el dolor, relajan y ayudan a recuperar el sue\u00f1o, adem\u00e1s de revitalizar, iluminar y oxigenar la piel. Esta terapia se aplica sobre puntos determinados del cuerpo y se usan para masajear zonas especiales. Las piedras bas\u00e1lticas son rocas volc\u00e1nicas oscuras y densas, que cuanto m\u00e1s oscuras son, como la lava de Hawaii, mayor es su contenido de hierro y m\u00e1s tiempo retienen el calor, lo que hace que aumente su poder magn\u00e9tico y por lo tanto sus bondades, entre las que destaca la dilataci\u00f3n de los vasos sangu\u00edneos y linf\u00e1ticos.&#8221; font_container=&#8221;tag:p|text_align:justify&#8221; google_fonts=&#8221;font_family:Noto%20Sans%3Aregular%2Citalic%2C700%2C700italic|font_style:400%20regular%3A400%3Anormal&#8221;][\/toggle][toggle color=&#8221;Default&#8221; title=&#8221;Shiatsu&#8221;][vc_custom_heading text=&#8221;Esta terapia nos ayuda a equilibrar los chakras energ\u00e9ticos, por medio de d\u00edgito presiones esto es en los puntos energ\u00e9ticos del cuerpo.&#8221; font_container=&#8221;tag:p|text_align:justify&#8221; google_fonts=&#8221;font_family:Noto%20Sans%3Aregular%2Citalic%2C700%2C700italic|font_style:400%20regular%3A400%3Anormal&#8221;][vc_column_text][\/vc_column_text][\/toggle][toggle color=&#8221;Default&#8221; title=&#8221;Prenatal&#8221;][vc_custom_heading text=&#8221;Excelente terapia para mujeres embarazadas, ya que les ayudar\u00e1 a relajar espalda, piernas y brazos cansados, activando la circulaci\u00f3n corporal, as\u00ed ofreciendo una relajaci\u00f3n plena a la mam\u00e1 y al bebe.&#8221; font_container=&#8221;tag:p|text_align:justify&#8221; google_fonts=&#8221;font_family:Noto%20Sans%3Aregular%2Citalic%2C700%2C700italic|font_style:400%20regular%3A400%3Anormal&#8221;][\/toggle][toggle color=&#8221;Default&#8221; title=&#8221;Descontracturante (Muscular)&#8221;][vc_custom_heading text=&#8221;Esta terapia nos brinda los mismos beneficios que el masaje relajante a\u00f1adiendo estiramientos de manera profunda, logrando una alineaci\u00f3n de columna, re alineando las fibras musculares; Disminuyendo o eliminando las contracturas y el dolor.&#8221; font_container=&#8221;tag:p|text_align:justify&#8221; google_fonts=&#8221;font_family:Noto%20Sans%3Aregular%2Citalic%2C700%2C700italic|font_style:400%20regular%3A400%3Anormal&#8221;][\/toggle][toggle color=&#8221;Default&#8221; title=&#8221;Holistico&#8221;][vc_custom_heading text=&#8221;Toma su nombre del t\u00e9rmino griego Holos, que significa; Todo, entero, completo. El ser humano es un todo invisible compuesto de un cuerpo f\u00edsico, mente, emociones y esp\u00edritu. Este masaje tiene en cuenta esta unicidad del ser humano, equilibrando este ser completo. El masaje hol\u00edstico utiliza diferentes t\u00e9cnicas manuales y naturales, con el fin de eliminar estos bloqueos que nos imposibilitan un modo de vida mas saludable y equilibrado; Donde cuerpo, mente y esp\u00edritu est\u00e1n conectados. Este masaje nos da la posibilidad de conocernos y encontrarnos con nuestro ser interno; teniendo la posibilidad de liberar nuestros bloqueos.&#8221; font_container=&#8221;tag:p|text_align:justify&#8221; google_fonts=&#8221;font_family:Noto%20Sans%3Aregular%2Citalic%2C700%2C700italic|font_style:400%20regular%3A400%3Anormal&#8221;][\/toggle][toggle color=&#8221;Default&#8221; title=&#8221;EN PAREJA&#8221;][vc_custom_heading text=&#8221;MASAJE RELAJANTE 60 min Estancia total del servicio 1 hora con 45 min aproximadamente.<br \/>\nMASAJE RELAJANTE 90 min Estancia total del servicio 2 horas 15 min aproximadamente.<br \/>\nMASAJE HOLISTICO Estancia total del servicio 2 horas 15 min aproximadamente.<\/p>\n<p>Incluyen Habitual Spa (Regadera escocesa y jacuzzi)<br \/>\n(*) cuentan con cromoterapia<\/p>\n<p>NOTA: Se les proporcionara la ropa adecuada para ingresas a sus servicios de hidroterapia. Estos servicios son los m\u00e1s solicitados, si deseas alg\u00fan otro h\u00e1znoslo saber.<\/p>\n<p>&#8221; font_container=&#8221;tag:p|text_align:justify&#8221; google_fonts=&#8221;font_family:Noto%20Sans%3Aregular%2Citalic%2C700%2C700italic|font_style:400%20regular%3A400%3Anormal&#8221;][\/toggle][\/toggles][\/vc_column][\/vc_row]\n","protected":false},"excerpt":{"rendered":"<p>[vc_row type=&#8221;full_width_background&#8221; full_screen_row_position=&#8221;middle&#8221; equal_height=&#8221;yes&#8221; content_placement=&#8221;middle&#8221; bg_image=&#8221;6228&#8243; bg_position=&#8221;left top&#8221; bg_repeat=&#8221;no-repeat&#8221; scene_position=&#8221;center&#8221; text_color=&#8221;light&#8221; text_align=&#8221;center&#8221; top_padding=&#8221;1%&#8221; bottom_padding=&#8221;3%&#8221; overlay_strength=&#8221;0.8&#8243; shape_divider_position=&#8221;bottom&#8221; bg_image_animation=&#8221;none&#8221;][vc_column centered_text=&#8221;true&#8221; column_padding=&#8221;padding-3-percent&#8221; column_padding_position=&#8221;all&#8221; background_color=&#8221;#000000&#8243; background_color_opacity=&#8221;0.6&#8243; background_hover_color_opacity=&#8221;1&#8243; column_link_target=&#8221;_self&#8221; column_shadow=&#8221;none&#8221; column_border_radius=&#8221;none&#8221; width=&#8221;1\/2&#8243; tablet_width_inherit=&#8221;default&#8221; tablet_text_alignment=&#8221;default&#8221; phone_text_alignment=&#8221;default&#8221;&#8230;<\/p>\n","protected":false},"author":1,"featured_media":0,"parent":0,"menu_order":0,"comment_status":"closed","ping_status":"closed","template":"","meta":{"footnotes":""},"class_list":["post-6464","page","type-page","status-publish"],"yoast_head":"<!-- This site is optimized with the Yoast SEO plugin v27.3 - https:\/\/yoast.com\/product\/yoast-seo-wordpress\/ -->\n<title>Masajes - Mandira Spa<\/title>\n<meta name=\"robots\" content=\"index, follow, max-snippet:-1, max-image-preview:large, max-video-preview:-1\" \/>\n<link rel=\"canonical\" href=\"https:\/\/mandira-spa.com\/Home\/masajes\/\" \/>\n<meta property=\"og:locale\" content=\"es_MX\" \/>\n<meta property=\"og:type\" content=\"article\" \/>\n<meta property=\"og:title\" content=\"Masajes - Mandira Spa\" \/>\n<meta property=\"og:description\" content=\"[vc_row type=&#8221;full_width_background&#8221; full_screen_row_position=&#8221;middle&#8221; equal_height=&#8221;yes&#8221; content_placement=&#8221;middle&#8221; bg_image=&#8221;6228&#8243; bg_position=&#8221;left top&#8221; bg_repeat=&#8221;no-repeat&#8221; scene_position=&#8221;center&#8221; text_color=&#8221;light&#8221; text_align=&#8221;center&#8221; top_padding=&#8221;1%&#8221; bottom_padding=&#8221;3%&#8221; overlay_strength=&#8221;0.8&#8243; shape_divider_position=&#8221;bottom&#8221; bg_image_animation=&#8221;none&#8221;][vc_column centered_text=&#8221;true&#8221; column_padding=&#8221;padding-3-percent&#8221; column_padding_position=&#8221;all&#8221; background_color=&#8221;#000000&#8243; background_color_opacity=&#8221;0.6&#8243; background_hover_color_opacity=&#8221;1&#8243; column_link_target=&#8221;_self&#8221; column_shadow=&#8221;none&#8221; column_border_radius=&#8221;none&#8221; width=&#8221;1\/2&#8243; tablet_width_inherit=&#8221;default&#8221; tablet_text_alignment=&#8221;default&#8221; phone_text_alignment=&#8221;default&#8221;...\" \/>\n<meta property=\"og:url\" content=\"https:\/\/mandira-spa.com\/Home\/masajes\/\" \/>\n<meta property=\"og:site_name\" content=\"Mandira Spa\" \/>\n<meta property=\"article:publisher\" content=\"https:\/\/www.facebook.com\/MandiraSpa1\/\" \/>\n<meta property=\"article:modified_time\" content=\"2019-12-06T02:02:08+00:00\" \/>\n<meta property=\"og:image\" content=\"https:\/\/mandira-spa.com\/Home\/wp-content\/uploads\/2017\/10\/shutterstock_128560190.jpg\" \/>\n\t<meta property=\"og:image:width\" content=\"1083\" \/>\n\t<meta property=\"og:image:height\" content=\"812\" \/>\n\t<meta property=\"og:image:type\" content=\"image\/jpeg\" \/>\n<meta name=\"twitter:card\" content=\"summary_large_image\" \/>\n<meta name=\"twitter:site\" content=\"@MandiraSpa\" \/>\n<meta name=\"twitter:label1\" content=\"Tiempo de lectura\" \/>\n\t<meta name=\"twitter:data1\" content=\"6 minutos\" \/>\n<script type=\"application\/ld+json\" class=\"yoast-schema-graph\">{\"@context\":\"https:\\\/\\\/schema.org\",\"@graph\":[{\"@type\":\"WebPage\",\"@id\":\"https:\\\/\\\/mandira-spa.com\\\/Home\\\/masajes\\\/\",\"url\":\"https:\\\/\\\/mandira-spa.com\\\/Home\\\/masajes\\\/\",\"name\":\"Masajes - Mandira Spa\",\"isPartOf\":{\"@id\":\"https:\\\/\\\/mandira-spa.com\\\/Home\\\/#website\"},\"datePublished\":\"2017-03-21T22:59:25+00:00\",\"dateModified\":\"2019-12-06T02:02:08+00:00\",\"breadcrumb\":{\"@id\":\"https:\\\/\\\/mandira-spa.com\\\/Home\\\/masajes\\\/#breadcrumb\"},\"inLanguage\":\"es\",\"potentialAction\":[{\"@type\":\"ReadAction\",\"target\":[\"https:\\\/\\\/mandira-spa.com\\\/Home\\\/masajes\\\/\"]}]},{\"@type\":\"BreadcrumbList\",\"@id\":\"https:\\\/\\\/mandira-spa.com\\\/Home\\\/masajes\\\/#breadcrumb\",\"itemListElement\":[{\"@type\":\"ListItem\",\"position\":1,\"name\":\"Inicio\",\"item\":\"https:\\\/\\\/mandira-spa.com\\\/Home\\\/\"},{\"@type\":\"ListItem\",\"position\":2,\"name\":\"Masajes\"}]},{\"@type\":\"WebSite\",\"@id\":\"https:\\\/\\\/mandira-spa.com\\\/Home\\\/#website\",\"url\":\"https:\\\/\\\/mandira-spa.com\\\/Home\\\/\",\"name\":\"Mandira Spa\",\"description\":\"Abre la puerta al equilibro, descubre tus sentidos.\",\"publisher\":{\"@id\":\"https:\\\/\\\/mandira-spa.com\\\/Home\\\/#organization\"},\"potentialAction\":[{\"@type\":\"SearchAction\",\"target\":{\"@type\":\"EntryPoint\",\"urlTemplate\":\"https:\\\/\\\/mandira-spa.com\\\/Home\\\/?s={search_term_string}\"},\"query-input\":{\"@type\":\"PropertyValueSpecification\",\"valueRequired\":true,\"valueName\":\"search_term_string\"}}],\"inLanguage\":\"es\"},{\"@type\":\"Organization\",\"@id\":\"https:\\\/\\\/mandira-spa.com\\\/Home\\\/#organization\",\"name\":\"Mandira Spa\",\"url\":\"https:\\\/\\\/mandira-spa.com\\\/Home\\\/\",\"logo\":{\"@type\":\"ImageObject\",\"inLanguage\":\"es\",\"@id\":\"https:\\\/\\\/mandira-spa.com\\\/Home\\\/#\\\/schema\\\/logo\\\/image\\\/\",\"url\":\"https:\\\/\\\/mandira-spa.com\\\/Home\\\/wp-content\\\/uploads\\\/2017\\\/04\\\/android-desktop.png\",\"contentUrl\":\"https:\\\/\\\/mandira-spa.com\\\/Home\\\/wp-content\\\/uploads\\\/2017\\\/04\\\/android-desktop.png\",\"width\":412,\"height\":353,\"caption\":\"Mandira Spa\"},\"image\":{\"@id\":\"https:\\\/\\\/mandira-spa.com\\\/Home\\\/#\\\/schema\\\/logo\\\/image\\\/\"},\"sameAs\":[\"https:\\\/\\\/www.facebook.com\\\/MandiraSpa1\\\/\",\"https:\\\/\\\/x.com\\\/MandiraSpa\",\"https:\\\/\\\/www.instagram.com\\\/mandiraspa\\\/\"]}]}<\/script>\n<!-- \/ Yoast SEO plugin. -->","yoast_head_json":{"title":"Masajes - Mandira Spa","robots":{"index":"index","follow":"follow","max-snippet":"max-snippet:-1","max-image-preview":"max-image-preview:large","max-video-preview":"max-video-preview:-1"},"canonical":"https:\/\/mandira-spa.com\/Home\/masajes\/","og_locale":"es_MX","og_type":"article","og_title":"Masajes - Mandira Spa","og_description":"[vc_row type=&#8221;full_width_background&#8221; full_screen_row_position=&#8221;middle&#8221; equal_height=&#8221;yes&#8221; content_placement=&#8221;middle&#8221; bg_image=&#8221;6228&#8243; bg_position=&#8221;left top&#8221; bg_repeat=&#8221;no-repeat&#8221; scene_position=&#8221;center&#8221; text_color=&#8221;light&#8221; text_align=&#8221;center&#8221; top_padding=&#8221;1%&#8221; bottom_padding=&#8221;3%&#8221; overlay_strength=&#8221;0.8&#8243; shape_divider_position=&#8221;bottom&#8221; bg_image_animation=&#8221;none&#8221;][vc_column centered_text=&#8221;true&#8221; column_padding=&#8221;padding-3-percent&#8221; column_padding_position=&#8221;all&#8221; background_color=&#8221;#000000&#8243; background_color_opacity=&#8221;0.6&#8243; background_hover_color_opacity=&#8221;1&#8243; column_link_target=&#8221;_self&#8221; column_shadow=&#8221;none&#8221; column_border_radius=&#8221;none&#8221; width=&#8221;1\/2&#8243; tablet_width_inherit=&#8221;default&#8221; tablet_text_alignment=&#8221;default&#8221; phone_text_alignment=&#8221;default&#8221;...","og_url":"https:\/\/mandira-spa.com\/Home\/masajes\/","og_site_name":"Mandira Spa","article_publisher":"https:\/\/www.facebook.com\/MandiraSpa1\/","article_modified_time":"2019-12-06T02:02:08+00:00","og_image":[{"width":1083,"height":812,"url":"https:\/\/mandira-spa.com\/Home\/wp-content\/uploads\/2017\/10\/shutterstock_128560190.jpg","type":"image\/jpeg"}],"twitter_card":"summary_large_image","twitter_site":"@MandiraSpa","twitter_misc":{"Tiempo de lectura":"6 minutos"},"schema":{"@context":"https:\/\/schema.org","@graph":[{"@type":"WebPage","@id":"https:\/\/mandira-spa.com\/Home\/masajes\/","url":"https:\/\/mandira-spa.com\/Home\/masajes\/","name":"Masajes - Mandira Spa","isPartOf":{"@id":"https:\/\/mandira-spa.com\/Home\/#website"},"datePublished":"2017-03-21T22:59:25+00:00","dateModified":"2019-12-06T02:02:08+00:00","breadcrumb":{"@id":"https:\/\/mandira-spa.com\/Home\/masajes\/#breadcrumb"},"inLanguage":"es","potentialAction":[{"@type":"ReadAction","target":["https:\/\/mandira-spa.com\/Home\/masajes\/"]}]},{"@type":"BreadcrumbList","@id":"https:\/\/mandira-spa.com\/Home\/masajes\/#breadcrumb","itemListElement":[{"@type":"ListItem","position":1,"name":"Inicio","item":"https:\/\/mandira-spa.com\/Home\/"},{"@type":"ListItem","position":2,"name":"Masajes"}]},{"@type":"WebSite","@id":"https:\/\/mandira-spa.com\/Home\/#website","url":"https:\/\/mandira-spa.com\/Home\/","name":"Mandira Spa","description":"Abre la puerta al equilibro, descubre tus sentidos.","publisher":{"@id":"https:\/\/mandira-spa.com\/Home\/#organization"},"potentialAction":[{"@type":"SearchAction","target":{"@type":"EntryPoint","urlTemplate":"https:\/\/mandira-spa.com\/Home\/?s={search_term_string}"},"query-input":{"@type":"PropertyValueSpecification","valueRequired":true,"valueName":"search_term_string"}}],"inLanguage":"es"},{"@type":"Organization","@id":"https:\/\/mandira-spa.com\/Home\/#organization","name":"Mandira Spa","url":"https:\/\/mandira-spa.com\/Home\/","logo":{"@type":"ImageObject","inLanguage":"es","@id":"https:\/\/mandira-spa.com\/Home\/#\/schema\/logo\/image\/","url":"https:\/\/mandira-spa.com\/Home\/wp-content\/uploads\/2017\/04\/android-desktop.png","contentUrl":"https:\/\/mandira-spa.com\/Home\/wp-content\/uploads\/2017\/04\/android-desktop.png","width":412,"height":353,"caption":"Mandira Spa"},"image":{"@id":"https:\/\/mandira-spa.com\/Home\/#\/schema\/logo\/image\/"},"sameAs":["https:\/\/www.facebook.com\/MandiraSpa1\/","https:\/\/x.com\/MandiraSpa","https:\/\/www.instagram.com\/mandiraspa\/"]}]}},"_links":{"self":[{"href":"https:\/\/mandira-spa.com\/Home\/wp-json\/wp\/v2\/pages\/6464","targetHints":{"allow":["GET"]}}],"collection":[{"href":"https:\/\/mandira-spa.com\/Home\/wp-json\/wp\/v2\/pages"}],"about":[{"href":"https:\/\/mandira-spa.com\/Home\/wp-json\/wp\/v2\/types\/page"}],"author":[{"embeddable":true,"href":"https:\/\/mandira-spa.com\/Home\/wp-json\/wp\/v2\/users\/1"}],"replies":[{"embeddable":true,"href":"https:\/\/mandira-spa.com\/Home\/wp-json\/wp\/v2\/comments?post=6464"}],"version-history":[{"count":48,"href":"https:\/\/mandira-spa.com\/Home\/wp-json\/wp\/v2\/pages\/6464\/revisions"}],"predecessor-version":[{"id":9799,"href":"https:\/\/mandira-spa.com\/Home\/wp-json\/wp\/v2\/pages\/6464\/revisions\/9799"}],"wp:attachment":[{"href":"https:\/\/mandira-spa.com\/Home\/wp-json\/wp\/v2\/media?parent=6464"}],"curies":[{"name":"wp","href":"https:\/\/api.w.org\/{rel}","templated":true}]}}